of (124 - 6) + -3 + 2?
1
Suppose -5*b = 3*w + 20, b = -w + 4*b - 2. Let o be ((-20)/6)/(-5)*-12. Let a = w - o. What is the units digit of a?
3
Suppose 5*v - 2 = 13. Let j be (1/(-2))/((-1)/(-6)). Let i = v - j. What is the units digit of i?
6
Let j be (-8)/(4*1/(-2)). Suppose -y = -19 - j. What is the tens digit of y?
2
Let a(t) be the third derivative of -t**6/60 - t**5/12 - t**4/8 - t**3/6 - 2*t**2. What is the units digit of a(-3)?
7
Let s(g) = g**2 - 6*g - 4. Let x be s(6). Let j = 8 + x. Suppose -4 = -j*i - 0*i. What is the units digit of i?
1
Let w(v) = 2*v**2 + 2*v. Let j be w(-2). Suppose 4*k = 12 - j. What is the units digit of 4/(-4) + k*4?
7
Let w = 5 - -2. Suppose -5*o = 4*p - 70, 0 = -2*o + w*o - p - 70. What is the units digit of o?
4
Let h(v) = v**2 + 7*v + 5. Let c be h(-7). Suppose -19 = -c*s + 141. Suppose 4 = -4*o + s. What is the units digit of o?
7
Suppose 29 = d - 0. What is the tens digit of d?
2
Let j(s) = 3*s. Let t(g) = -7*g - 1. Let z(r) = -5*j(r) - 2*t(r). Let o(u) = -2*u + 5. Let d be o(4). What is the units digit of z(d)?
5
Let x be (2/(-3))/(3/(-18)). Let t be (-100)/(-6) + x/(-6). Suppose -4*c - t = 0, -w + 0 = 3*c + 2. What is the units digit of w?
0
Let w = 3 - 0. Suppose 0 = 2*k + 2*i - 14, -w*i + 12 = 4*k - 2*k. What is the units digit of k?
9
Let p(r) = -2*r + 56. What is the units digit of p(-25)?
6
Suppose -3*a - 2 = -r - 8, -4*a + 3*r = -8. What is the units digit of 21/6*a - -1?
8
Suppose -11 = 3*x + 22. Let d = x + 13. What is the units digit of d?
2
Let l = -12 - -19. Suppose l*r - 2*r = 10. What is the units digit of r?
2
Suppose -r + 6*r + x - 7 = 0, 11 = 5*r + 3*x. Let t be 1*(-2 - -42 - r). Let p = -18 + t. What is the units digit of p?
1
Suppose -11*p = -30*p + 2337. What is the tens digit of p?
2
Suppose -3*z + 4*z = 5. Suppose 4 = -z*t + 14. Suppose -42 = -4*r + 2*n, 0 = -3*r + n + 35 - t. What is the tens digit of r?
1
Suppose -3*c - 4*b = -603, -2*c - 2*b + 5*b + 402 = 0. What is the units digit of c?
1
Let v be 4/12 - 11/(-3). Suppose o = -l - 18, l + v*o + 12 = -0*l. Let n = -8 - l. What is the tens digit of n?
1
Let t be -16*((-6)/8 + 2). Let z = t - -12. Let k(m) = m**2 + 8*m + 3. What is the units digit of k(z)?
3
Let h = -9 - -12. What is the units digit of h?
3
Let b(s) = -s - 1. Let j be b(-1). Suppose -13 = -l - j*l. What is the units digit of l?
3
Let t = 6 + 3. Let k(x) = x - t + 0*x + 16. What is the units digit of k(-5)?
2
Suppose 4*j + j = -2*o - 16, 2*j + 8 = 0. Let l be 0 + 0/o + -2. What is the units digit of ((-6)/4)/(l/4)?
3
Let t(z) = -z**3 - 7*z**2 - 9*z - 9. What is the units digit of t(-6)?
9
Suppose -3*g + 5 = -7. Suppose -u = b - g*u - 14, 0 = 5*b + 5*u + 10. Suppose b*i = -i + 18. What is the units digit of i?
6
Suppose -d + 149 = -3*k, 0*d - 2*k - 150 = -d. What is the hundreds digit of d?
1
Let f = 14 + -9. Let o(l) = l**2 - 3*l - 1. What is the units digit of o(f)?
9
Let i be -16*1 + (-2 - -1). Let m(c) = -24*c**3 - 2*c**2 + c. Let p be m(1). Let b = i - p. What is the units digit of b?
8
Suppose 0 = 3*k + 3*h + 3, h + 13 + 0 = 5*k. Suppose -k*l + 20 = 2*l. Let u(g) = 3*g - 7. What is the units digit of u(l)?
8
What is the units digit of (14/(-42))/((-2)/138)?
3
Suppose -7 = -b - 1. Let n(q) = -q**2 + 5*q + 8. Let w be n(b). Suppose w*h + 0 = 10. What is the units digit of h?
5
Let v = 544 - 161. What is the tens digit of v?
8
Let c(r) = r + 1. Let g be c(0). What is the tens digit of (-84)/(-6)*1/g?
1
Suppose 3 + 13 = 2*f. Let a(i) = i**2 - 8*i + 7. What is the units digit of a(f)?
7
Suppose 4*n = d - 22, 20 = 5*d - n + 5. Suppose i - 16 = d*f, -37 = 4*i - f - 101. What is the units digit of i?
6
Suppose 0 = -13*w + 2*w + 2453. What is the hundreds digit of w?
2
Suppose -2*f + 3*n - 8 = -20, 3*f - 5 = -2*n. Suppose -5*d = -5*l + 55, -45 = -0*d + 5*d - 3*l. What is the tens digit of f - 1 - (d - 2)?
1
Let l(w) = -5*w - 4. Let r(i) = -i - 1. Let n(y) = 2*l(y) - 6*r(y). What is the units digit of n(-6)?
2
Let h(u) = 29*u - 65. What is the hundreds digit of h(7)?
1
Let w(s) = -2*s**2 - 7*s - 2. Let x be w(-6). Let h = -20 - x. What is the units digit of h?
2
Suppose 1152 = -40*d + 46*d. What is the units digit of d?
2
Let q(f) = f**2 - 12*f + 2. What is the tens digit of q(13)?
1
Suppose 234 = -6*q + 3*q. What is the units digit of (1/(-2))/(3/q)?
3
Suppose o + 4 = 5*o. Let m(c) = 7*c**2 + 1. What is the units digit of m(o)?
8
Suppose -3*g - 3*w = -339, w = 6*g - 3*g - 323. What is the hundreds digit of g?
1
Suppose 0*b - 180 = 5*b. What is the tens digit of (4/(-8))/(1/b)?
1
Suppose 3*o - 4*f + 126 = 4*o, 5*o + 5*f - 705 = 0. What is the hundreds digit of o?
1
Let n(u) = 27*u**2 + 2*u + 2. What is the hundreds digit of n(-2)?
1
Let w = 3 - -9. What is the tens digit of 6/8*w*2?
1
Suppose 3*q = 7*q + 32. Let f be (3/4)/((-2)/q). What is the units digit of 6/(-9) + 23/f?
7
Let t(m) = -m**2 - 9*m - 2. Let k be t(-9). Let y = 4 + k. Suppose -y*x - 20 = -6*x. What is the units digit of x?
5
Let a = -42 + 74. What is the tens digit of a?
3
Let r(m) = 7*m**2 + 14*m + 7. What is the units digit of r(-4)?
3
What is the units digit of 5/3 - 4/6?
1
What is the tens digit of ((-14)/8)/(-4 - 572/(-144))?
6
Let f(v) = v + v - 3*v. Let a = 10 - 16. What is the units digit of f(a)?
6
Suppose 0 = 2*y - 3*y + 324. Suppose 0*g + 4*a = -4*g + y, -3*a = 12. Suppose -g = d - 6*d. What is the units digit of d?
7
Suppose 0 = 3*y - 2*j - 41 + 6, 4*j - 73 = -5*y. Suppose 5*g - y = -4*p, 4*g + 2 = 3*p - 0*p. What is the units digit of g?
1
Let z(r) = 2*r**2 - 9*r + 4. What is the units digit of z(6)?
2
Let z(l) = -l - 1. Let f be z(0). What is the units digit of (1/(-3))/(f/3)?
1
Suppose 9 = 7*i - 4*i - 3*g, 2 = 2*g. What is the units digit of i?
4
Let s be 4/(-6)*(-21)/14. Suppose -3*z = -g - 62, 4*g = s + 3. What is the units digit of z?
1
Suppose 4*d - 5*d + 9 = 0. Suppose -2*w - 27 + 97 = 5*j, -j = 5*w + d. Suppose 5*u - j = 19. What is the units digit of u?
7
Suppose g + g = -2. Let p be (g - -1)/(-2) - -3. Let j(q) = q**2 - q. What is the units digit of j(p)?
6
Suppose v + 5 - 21 = 0. Suppose 4*f - 2*x = 5*f - 9, f - 5*x - v = 0. What is the units digit of f?
1
Suppose 24 = -0*m + 4*m. Let b = -1 + m. Suppose 2*c - 62 = -4*v, -5*v - b*c + 146 = 56. What is the units digit of v?
3
Let r be 6/(((-12)/10)/(-3)). Suppose 0 = -4*w - w + r. Suppose -4*o - 41 = -w*v + o, 0 = -3*v + 3*o + 33. What is the units digit of v?
7
Suppose 18 + 36 = 3*q. What is the tens digit of q?
1
Suppose -24*h = -20*h - 488. What is the hundreds digit of h?
1
Let z(h) = h**2 - 7*h - 11. What is the units digit of z(-11)?
7
Let w = 4 - 4. Suppose 0 = 5*c + 3*b + 29, 4*c - 4*b = -w*c - 4. What is the units digit of (-2 + 3 - c)/1?
5
Suppose 0 = -a + j - 0*j + 80, 5*a + 4*j = 409. Let o = -37 + a. What is the tens digit of o?
4
Suppose -30 - 2 = -m. What is the tens digit of m?
3
Let j(m) = 0*m**2 + 0 - m - m**2 + 18*m**3 + 1. Let y be (0 - 1)*(-10 - -9). What is the tens digit of j(y)?
1
Let w(u) = 140*u - 16. What is the hundreds digit of w(3)?
4
Let o = -11 - 57. What is the tens digit of (-14)/(-21) + o/(-6)?
1
Suppose 4 = v + v. Suppose 5*s - v*i - 27 = 0, -4*i + 14 = 5*s - 7. What is the units digit of s?
5
Suppose 3*a + 51 = 15. What is the tens digit of 54/a*(-32)/6?
2
Suppose -m + 20 = 6. What is the tens digit of m?
1
Let g(i) = -i**2 + 42. What is the units digit of g(0)?
2
What is the units digit of (1 - 1/(-2))*10?
5
Suppose -j + 9 + 3 = 0. What is the units digit of 30/j*4/5?
2
Let d be 126/(-4)*180/27. What is the units digit of d/(-25)*(-10)/(-4)?
1
Let g = 72 - -10. What is the tens digit of g?
8
Suppose 5*d + 12 = 3*d. Let n(k) = -k**3 - 7*k**2 - 7*k + 2. What is the units digit of n(d)?
8
Suppose -2*j = -4*c + 9*c - 7, 3*j = 3. What is the units digit of c?
1
Let a(p) = -p**2 + p + 4. What is the units digit of a(2)?
2
Let n(z) be the second derivative of -z**3/6 - 7*z**2/2 + 2*z. What is the units digit of n(-8)?
1
Suppose -2*t - 4*c + 104 = 0, 2*t + 0*c - 104 = c. What is the tens digit of t?
5
What is the tens digit of 0 + (1 - -100) + -5?
9
Let z be (-5 - -2)*(-140)/12. Suppose -4*i + z = f - i, 0 = -5*i + 10. Let y = f + -20. What is the units digit of y?
9
Suppose -3*q + 1 = d - 4, -d +